
{"id":123,"date":"2024-06-08T15:37:28","date_gmt":"2024-06-08T15:37:28","guid":{"rendered":"https:\/\/apartmentartverde.com\/?page_id=123"},"modified":"2024-06-28T16:45:30","modified_gmt":"2024-06-28T16:45:30","slug":"sotogrande-4","status":"publish","type":"page","link":"https:\/\/apartmentartverde.com\/index.php\/es\/sotogrande-4\/","title":{"rendered":"Sobre Sotogrande"},"content":{"rendered":"\n<figure class=\"wp-block-gallery has-nested-images columns-1 wp-block-gallery-1 is-layout-flex wp-block-gallery-is-layout-flex\">\n<figure class=\"wp-block-image size-large\"><img loading=\"lazy\" decoding=\"async\" width=\"1024\" height=\"574\" data-id=\"54\" src=\"https:\/\/apartmentartverde.com\/wp-content\/uploads\/2024\/06\/sotogrande_d-1024x574.jpg\" alt=\"\" class=\"wp-image-54\" srcset=\"https:\/\/apartmentartverde.com\/wp-content\/uploads\/2024\/06\/sotogrande_d-1024x574.jpg 1024w, https:\/\/apartmentartverde.com\/wp-content\/uploads\/2024\/06\/sotogrande_d-300x168.jpg 300w, https:\/\/apartmentartverde.com\/wp-content\/uploads\/2024\/06\/sotogrande_d-768x430.jpg 768w, https:\/\/apartmentartverde.com\/wp-content\/uploads\/2024\/06\/sotogrande_d-1536x860.jpg 1536w, https:\/\/apartmentartverde.com\/wp-content\/uploads\/2024\/06\/sotogrande_d-2048x1147.jpg 2048w\" sizes=\"auto, (max-width: 1024px) 100vw, 1024px\" \/><\/figure>\n\n\n\n<figure class=\"wp-block-image size-large\"><img loading=\"lazy\" decoding=\"async\" width=\"1024\" height=\"681\" data-id=\"431\" src=\"https:\/\/apartmentartverde.com\/wp-content\/uploads\/2024\/06\/Don-Diego-2-4-1024x681.jpg\" alt=\"\" class=\"wp-image-431\" srcset=\"https:\/\/apartmentartverde.com\/wp-content\/uploads\/2024\/06\/Don-Diego-2-4-1024x681.jpg 1024w, https:\/\/apartmentartverde.com\/wp-content\/uploads\/2024\/06\/Don-Diego-2-4-300x199.jpg 300w, https:\/\/apartmentartverde.com\/wp-content\/uploads\/2024\/06\/Don-Diego-2-4-768x511.jpg 768w, https:\/\/apartmentartverde.com\/wp-content\/uploads\/2024\/06\/Don-Diego-2-4-1536x1021.jpg 1536w, https:\/\/apartmentartverde.com\/wp-content\/uploads\/2024\/06\/Don-Diego-2-4-2048x1362.jpg 2048w\" sizes=\"auto, (max-width: 1024px) 100vw, 1024px\" \/><\/figure>\n\n\n\n<figure class=\"wp-block-image size-large\"><img loading=\"lazy\" decoding=\"async\" width=\"1024\" height=\"574\" data-id=\"316\" src=\"https:\/\/apartmentartverde.com\/wp-content\/uploads\/2024\/06\/about_sotogrande_4-1024x574.jpg\" alt=\"\" class=\"wp-image-316\" srcset=\"https:\/\/apartmentartverde.com\/wp-content\/uploads\/2024\/06\/about_sotogrande_4-1024x574.jpg 1024w, https:\/\/apartmentartverde.com\/wp-content\/uploads\/2024\/06\/about_sotogrande_4-300x168.jpg 300w, https:\/\/apartmentartverde.com\/wp-content\/uploads\/2024\/06\/about_sotogrande_4-768x430.jpg 768w, https:\/\/apartmentartverde.com\/wp-content\/uploads\/2024\/06\/about_sotogrande_4-1536x860.jpg 1536w, https:\/\/apartmentartverde.com\/wp-content\/uploads\/2024\/06\/about_sotogrande_4-2048x1147.jpg 2048w\" sizes=\"auto, (max-width: 1024px) 100vw, 1024px\" \/><\/figure>\n\n\n\n<figure class=\"wp-block-image size-large\"><img loading=\"lazy\" decoding=\"async\" width=\"1024\" height=\"683\" data-id=\"559\" src=\"https:\/\/apartmentartverde.com\/wp-content\/uploads\/2024\/06\/ALS_Village_Verde-Outside-26-1-1024x683.jpg\" alt=\"\" class=\"wp-image-559\" srcset=\"https:\/\/apartmentartverde.com\/wp-content\/uploads\/2024\/06\/ALS_Village_Verde-Outside-26-1-1024x683.jpg 1024w, https:\/\/apartmentartverde.com\/wp-content\/uploads\/2024\/06\/ALS_Village_Verde-Outside-26-1-300x200.jpg 300w, https:\/\/apartmentartverde.com\/wp-content\/uploads\/2024\/06\/ALS_Village_Verde-Outside-26-1-768x512.jpg 768w, https:\/\/apartmentartverde.com\/wp-content\/uploads\/2024\/06\/ALS_Village_Verde-Outside-26-1-1536x1024.jpg 1536w, https:\/\/apartmentartverde.com\/wp-content\/uploads\/2024\/06\/ALS_Village_Verde-Outside-26-1-2048x1365.jpg 2048w\" sizes=\"auto, (max-width: 1024px) 100vw, 1024px\" \/><\/figure>\n<\/figure>\n\n\n\n<p>Sotogrande es \u00fanico y m\u00e1gico en el coraz\u00f3n de una de las regiones m\u00e1s bellas de Espa\u00f1a, en la costa sur de Andaluc\u00eda. Sotogrande le ofrece los mejores aspectos de la vida para disfrutar de forma relajada y variada con el mejor clima, como inviernos suaves y agradables meses mediterr\u00e1neos de primavera, verano y oto\u00f1o, para unas vacaciones perfectas durante todo el a\u00f1o. F\u00e1cilmente accesible desde todos los aeropuertos internacionales y capitales europeas.<\/p>\n\n\n\n<p>Sotogrande le ofrece la mejor seguridad, abarca m\u00e1s de 20 kil\u00f3metros cuadrados y est\u00e1 rodeada de hermosos paisajes verdes, desde el Mediterr\u00e1neo hasta la Sierra Almenara, con una impresionante tipograf\u00eda de costas de ensue\u00f1o, paisajes ondulados, bosques de alcornoques, vistas sobre el Pe\u00f1\u00f3n de Gibraltar hasta Marruecos.<\/p>\n\n\n\n<p>Los mejores campos de golf de Espa\u00f1a se encuentran en Sotogrande y a poca distancia de nuestro piso Art Verde, como el Real Club Sotogrande, el Club La Reserva y el Club Valderrama.<\/p>\n\n\n\n<p>El popular Santa Mar\u00eda Polo Club Sotogrande est\u00e1 considerado como uno de los mejores del mundo, al igual que el impresionante puerto deportivo, que ofrece una gran variedad de oportunidades gastron\u00f3micas y de compras en un ambiente especial.<\/p>\n\n\n\n<p>El ciclismo o el senderismo por los hermosos senderos naturales, las maravillosas playas, la variada gastronom\u00eda de aut\u00e9ntica cocina espa\u00f1ola con un toque \u00e1rabe y las m\u00e1s de 40.000 hect\u00e1reas de vi\u00f1edos de la zona con catas de vino del marco de Jerez hacen de unas vacaciones en Sotogrande una experiencia \u00fanica para los amantes del deporte, la naturaleza, la playa, el lujo, los gourmets y las familias con ni\u00f1os.<\/p>\n\n\n\n<p>Sotogrande es tambi\u00e9n el lugar ideal para explorar las atracciones culturales de los alrededores, como el pasado \u00e1rabe de la Alhambra en Granada, la impresionante catedral de Sevilla, los sementales bailando el flamenco, los pintorescos pueblos blancos como Ronda o Jimena de la Frontera y los museos y la Fundaci\u00f3n Picasso en M\u00e1laga.<\/p>\n","protected":false},"excerpt":{"rendered":"<p>Sotogrande es \u00fanico y m\u00e1gico en el coraz\u00f3n de una de las regiones m\u00e1s bellas de Espa\u00f1a, en la costa sur de Andaluc\u00eda. Sotogrande le ofrece los mejores aspectos de la vida para disfrutar de forma relajada y variada con el mejor clima, como inviernos suaves y agradables meses mediterr\u00e1neos de primavera, verano y oto\u00f1o, [&hellip;]<\/p>\n","protected":false},"author":1,"featured_media":54,"parent":0,"menu_order":0,"comment_status":"closed","ping_status":"closed","template":"","meta":{"footnotes":""},"class_list":["post-123","page","type-page","status-publish","has-post-thumbnail","hentry"],"yoast_head":"<!-- This site is optimized with the Yoast SEO plugin v24.4 - https:\/\/yoast.com\/wordpress\/plugins\/seo\/ -->\n<title>Sobre Sotogrande - Apartment Art Verde<\/title>\n<meta name=\"robots\" content=\"index, follow, max-snippet:-1, max-image-preview:large, max-video-preview:-1\" \/>\n<link rel=\"canonical\" href=\"https:\/\/apartmentartverde.com\/index.php\/es\/sotogrande-4\/\" \/>\n<meta property=\"og:locale\" content=\"en_US\" \/>\n<meta property=\"og:type\" content=\"article\" \/>\n<meta property=\"og:title\" content=\"Sobre Sotogrande - Apartment Art Verde\" \/>\n<meta property=\"og:description\" content=\"Sotogrande es \u00fanico y m\u00e1gico en el coraz\u00f3n de una de las regiones m\u00e1s bellas de Espa\u00f1a, en la costa sur de Andaluc\u00eda. Sotogrande le ofrece los mejores aspectos de la vida para disfrutar de forma relajada y variada con el mejor clima, como inviernos suaves y agradables meses mediterr\u00e1neos de primavera, verano y oto\u00f1o, [&hellip;]\" \/>\n<meta property=\"og:url\" content=\"https:\/\/apartmentartverde.com\/index.php\/es\/sotogrande-4\/\" \/>\n<meta property=\"og:site_name\" content=\"Apartment Art Verde\" \/>\n<meta property=\"article:modified_time\" content=\"2024-06-28T16:45:30+00:00\" \/>\n<meta property=\"og:image\" content=\"https:\/\/apartmentartverde.com\/wp-content\/uploads\/2024\/06\/sotogrande_d.jpg\" \/>\n\t<meta property=\"og:image:width\" content=\"2560\" \/>\n\t<meta property=\"og:image:height\" content=\"1434\" \/>\n\t<meta property=\"og:image:type\" content=\"image\/jpeg\" \/>\n<meta name=\"twitter:card\" content=\"summary_large_image\" \/>\n<meta name=\"twitter:label1\" content=\"Est. reading time\" \/>\n\t<meta name=\"twitter:data1\" content=\"3 minutes\" \/>\n<script type=\"application\/ld+json\" class=\"yoast-schema-graph\">{\"@context\":\"https:\/\/schema.org\",\"@graph\":[{\"@type\":\"WebPage\",\"@id\":\"https:\/\/apartmentartverde.com\/index.php\/es\/sotogrande-4\/\",\"url\":\"https:\/\/apartmentartverde.com\/index.php\/es\/sotogrande-4\/\",\"name\":\"Sobre Sotogrande - Apartment Art Verde\",\"isPartOf\":{\"@id\":\"https:\/\/apartmentartverde.com\/#website\"},\"primaryImageOfPage\":{\"@id\":\"https:\/\/apartmentartverde.com\/index.php\/es\/sotogrande-4\/#primaryimage\"},\"image\":{\"@id\":\"https:\/\/apartmentartverde.com\/index.php\/es\/sotogrande-4\/#primaryimage\"},\"thumbnailUrl\":\"https:\/\/apartmentartverde.com\/wp-content\/uploads\/2024\/06\/sotogrande_d.jpg\",\"datePublished\":\"2024-06-08T15:37:28+00:00\",\"dateModified\":\"2024-06-28T16:45:30+00:00\",\"breadcrumb\":{\"@id\":\"https:\/\/apartmentartverde.com\/index.php\/es\/sotogrande-4\/#breadcrumb\"},\"inLanguage\":\"en-US\",\"potentialAction\":[{\"@type\":\"ReadAction\",\"target\":[\"https:\/\/apartmentartverde.com\/index.php\/es\/sotogrande-4\/\"]}]},{\"@type\":\"ImageObject\",\"inLanguage\":\"en-US\",\"@id\":\"https:\/\/apartmentartverde.com\/index.php\/es\/sotogrande-4\/#primaryimage\",\"url\":\"https:\/\/apartmentartverde.com\/wp-content\/uploads\/2024\/06\/sotogrande_d.jpg\",\"contentUrl\":\"https:\/\/apartmentartverde.com\/wp-content\/uploads\/2024\/06\/sotogrande_d.jpg\",\"width\":2560,\"height\":1434},{\"@type\":\"BreadcrumbList\",\"@id\":\"https:\/\/apartmentartverde.com\/index.php\/es\/sotogrande-4\/#breadcrumb\",\"itemListElement\":[{\"@type\":\"ListItem\",\"position\":1,\"name\":\"Home\",\"item\":\"https:\/\/apartmentartverde.com\/\"},{\"@type\":\"ListItem\",\"position\":2,\"name\":\"Sobre Sotogrande\"}]},{\"@type\":\"WebSite\",\"@id\":\"https:\/\/apartmentartverde.com\/#website\",\"url\":\"https:\/\/apartmentartverde.com\/\",\"name\":\"Art Verde Apartment\",\"description\":\"\",\"publisher\":{\"@id\":\"https:\/\/apartmentartverde.com\/#organization\"},\"inLanguage\":\"en-US\"},{\"@type\":\"Organization\",\"@id\":\"https:\/\/apartmentartverde.com\/#organization\",\"name\":\"Art Verde Apartment\",\"url\":\"https:\/\/apartmentartverde.com\/\",\"logo\":{\"@type\":\"ImageObject\",\"inLanguage\":\"en-US\",\"@id\":\"https:\/\/apartmentartverde.com\/#\/schema\/logo\/image\/\",\"url\":\"https:\/\/apartmentartverde.com\/wp-content\/uploads\/2024\/02\/logo.png\",\"contentUrl\":\"https:\/\/apartmentartverde.com\/wp-content\/uploads\/2024\/02\/logo.png\",\"width\":1490,\"height\":1320,\"caption\":\"Art Verde Apartment\"},\"image\":{\"@id\":\"https:\/\/apartmentartverde.com\/#\/schema\/logo\/image\/\"}}]}<\/script>\n<!-- \/ Yoast SEO plugin. -->","yoast_head_json":{"title":"Sobre Sotogrande - Apartment Art Verde","robots":{"index":"index","follow":"follow","max-snippet":"max-snippet:-1","max-image-preview":"max-image-preview:large","max-video-preview":"max-video-preview:-1"},"canonical":"https:\/\/apartmentartverde.com\/index.php\/es\/sotogrande-4\/","og_locale":"en_US","og_type":"article","og_title":"Sobre Sotogrande - Apartment Art Verde","og_description":"Sotogrande es \u00fanico y m\u00e1gico en el coraz\u00f3n de una de las regiones m\u00e1s bellas de Espa\u00f1a, en la costa sur de Andaluc\u00eda. Sotogrande le ofrece los mejores aspectos de la vida para disfrutar de forma relajada y variada con el mejor clima, como inviernos suaves y agradables meses mediterr\u00e1neos de primavera, verano y oto\u00f1o, [&hellip;]","og_url":"https:\/\/apartmentartverde.com\/index.php\/es\/sotogrande-4\/","og_site_name":"Apartment Art Verde","article_modified_time":"2024-06-28T16:45:30+00:00","og_image":[{"width":2560,"height":1434,"url":"https:\/\/apartmentartverde.com\/wp-content\/uploads\/2024\/06\/sotogrande_d.jpg","type":"image\/jpeg"}],"twitter_card":"summary_large_image","twitter_misc":{"Est. reading time":"3 minutes"},"schema":{"@context":"https:\/\/schema.org","@graph":[{"@type":"WebPage","@id":"https:\/\/apartmentartverde.com\/index.php\/es\/sotogrande-4\/","url":"https:\/\/apartmentartverde.com\/index.php\/es\/sotogrande-4\/","name":"Sobre Sotogrande - Apartment Art Verde","isPartOf":{"@id":"https:\/\/apartmentartverde.com\/#website"},"primaryImageOfPage":{"@id":"https:\/\/apartmentartverde.com\/index.php\/es\/sotogrande-4\/#primaryimage"},"image":{"@id":"https:\/\/apartmentartverde.com\/index.php\/es\/sotogrande-4\/#primaryimage"},"thumbnailUrl":"https:\/\/apartmentartverde.com\/wp-content\/uploads\/2024\/06\/sotogrande_d.jpg","datePublished":"2024-06-08T15:37:28+00:00","dateModified":"2024-06-28T16:45:30+00:00","breadcrumb":{"@id":"https:\/\/apartmentartverde.com\/index.php\/es\/sotogrande-4\/#breadcrumb"},"inLanguage":"en-US","potentialAction":[{"@type":"ReadAction","target":["https:\/\/apartmentartverde.com\/index.php\/es\/sotogrande-4\/"]}]},{"@type":"ImageObject","inLanguage":"en-US","@id":"https:\/\/apartmentartverde.com\/index.php\/es\/sotogrande-4\/#primaryimage","url":"https:\/\/apartmentartverde.com\/wp-content\/uploads\/2024\/06\/sotogrande_d.jpg","contentUrl":"https:\/\/apartmentartverde.com\/wp-content\/uploads\/2024\/06\/sotogrande_d.jpg","width":2560,"height":1434},{"@type":"BreadcrumbList","@id":"https:\/\/apartmentartverde.com\/index.php\/es\/sotogrande-4\/#breadcrumb","itemListElement":[{"@type":"ListItem","position":1,"name":"Home","item":"https:\/\/apartmentartverde.com\/"},{"@type":"ListItem","position":2,"name":"Sobre Sotogrande"}]},{"@type":"WebSite","@id":"https:\/\/apartmentartverde.com\/#website","url":"https:\/\/apartmentartverde.com\/","name":"Art Verde Apartment","description":"","publisher":{"@id":"https:\/\/apartmentartverde.com\/#organization"},"inLanguage":"en-US"},{"@type":"Organization","@id":"https:\/\/apartmentartverde.com\/#organization","name":"Art Verde Apartment","url":"https:\/\/apartmentartverde.com\/","logo":{"@type":"ImageObject","inLanguage":"en-US","@id":"https:\/\/apartmentartverde.com\/#\/schema\/logo\/image\/","url":"https:\/\/apartmentartverde.com\/wp-content\/uploads\/2024\/02\/logo.png","contentUrl":"https:\/\/apartmentartverde.com\/wp-content\/uploads\/2024\/02\/logo.png","width":1490,"height":1320,"caption":"Art Verde Apartment"},"image":{"@id":"https:\/\/apartmentartverde.com\/#\/schema\/logo\/image\/"}}]}},"_links":{"self":[{"href":"https:\/\/apartmentartverde.com\/index.php\/wp-json\/wp\/v2\/pages\/123","targetHints":{"allow":["GET"]}}],"collection":[{"href":"https:\/\/apartmentartverde.com\/index.php\/wp-json\/wp\/v2\/pages"}],"about":[{"href":"https:\/\/apartmentartverde.com\/index.php\/wp-json\/wp\/v2\/types\/page"}],"author":[{"embeddable":true,"href":"https:\/\/apartmentartverde.com\/index.php\/wp-json\/wp\/v2\/users\/1"}],"replies":[{"embeddable":true,"href":"https:\/\/apartmentartverde.com\/index.php\/wp-json\/wp\/v2\/comments?post=123"}],"version-history":[{"count":10,"href":"https:\/\/apartmentartverde.com\/index.php\/wp-json\/wp\/v2\/pages\/123\/revisions"}],"predecessor-version":[{"id":561,"href":"https:\/\/apartmentartverde.com\/index.php\/wp-json\/wp\/v2\/pages\/123\/revisions\/561"}],"wp:featuredmedia":[{"embeddable":true,"href":"https:\/\/apartmentartverde.com\/index.php\/wp-json\/wp\/v2\/media\/54"}],"wp:attachment":[{"href":"https:\/\/apartmentartverde.com\/index.php\/wp-json\/wp\/v2\/media?parent=123"}],"curies":[{"name":"wp","href":"https:\/\/api.w.org\/{rel}","templated":true}]}}